{"id":2620,"date":"2025-12-12T12:02:48","date_gmt":"2025-12-12T15:02:48","guid":{"rendered":"https:\/\/notquite.shop\/arg\/?post_type=product&#038;p=2620"},"modified":"2026-01-28T13:58:30","modified_gmt":"2026-01-28T16:58:30","slug":"gancho-gota","status":"publish","type":"product","link":"https:\/\/notquite.shop\/arg\/producto\/gancho-gota\/","title":{"rendered":"GANCHO GOTA"},"content":{"rendered":"<p>Este gancho est\u00e1 elaborado a mano, modelado en cera y fundido en Plata 925. Su forma alargada y pulida sigue la silueta de una gota extendida, creando una pieza ligera y minimalista.<\/p>\n<p>Cada gancho presenta peque\u00f1as variaciones propias del proceso artesanal, por lo que cada uno es \u00fanico.<\/p>\n<p>Inspirado en c\u00f3mo una gota es lo m\u00e1s peque\u00f1o que puede contener una emoci\u00f3n.<\/p>\n<p>Largo Gota Grande: 6,5 cm<br \/>\nLargo Gota Chica: 4,5 cm<\/p>\n","protected":false},"excerpt":{"rendered":"<p>Este gancho est\u00e1 elaborado a mano, modelado en cera y fundido en Plata 925. Su forma alargada y pulida sigue la silueta de una gota extendida, creando una pieza ligera y minimalista.<\/p>\n<p>Cada gancho presenta peque\u00f1as variaciones propias del proceso artesanal, por lo que cada uno es \u00fanico.<\/p>\n<p>Inspirado en c\u00f3mo una gota es lo m\u00e1s peque\u00f1o que puede contener una emoci\u00f3n.<\/p>\n<p>Largo Gota Grande: 6,5 cm<br \/>\nLargo Gota Chica: 4,5 cm<\/p>\n","protected":false},"featured_media":2687,"template":"","meta":[],"product_brand":[],"product_cat":[147],"product_tag":[],"class_list":{"0":"post-2620","1":"product","2":"type-product","3":"status-publish","4":"has-post-thumbnail","6":"product_cat-ganchos","8":"first","9":"instock","10":"shipping-taxable","11":"purchasable","12":"product-type-variable"},"yoast_head":"<!-- This site is optimized with the Yoast SEO plugin v26.2 - https:\/\/yoast.com\/wordpress\/plugins\/seo\/ -->\n<title>GANCHO GOTA - NOTQUITE Argentina<\/title>\n<meta name=\"robots\" content=\"index, follow, max-snippet:-1, max-image-preview:large, max-video-preview:-1\" \/>\n<link rel=\"canonical\" href=\"https:\/\/notquite.shop\/arg\/producto\/gancho-gota\/\" \/>\n<meta property=\"og:locale\" content=\"es_ES\" \/>\n<meta property=\"og:type\" content=\"article\" \/>\n<meta property=\"og:title\" content=\"GANCHO GOTA - NOTQUITE Argentina\" \/>\n<meta property=\"og:description\" content=\"Este gancho est\u00e1 elaborado a mano, modelado en cera y fundido en Plata 925. Su forma alargada y pulida sigue la silueta de una gota extendida, creando una pieza ligera y minimalista.  Cada gancho presenta peque\u00f1as variaciones propias del proceso artesanal, por lo que cada uno es \u00fanico.  Inspirado en c\u00f3mo una gota es lo m\u00e1s peque\u00f1o que puede contener una emoci\u00f3n.  Largo Gota Grande: 6,5 cm Largo Gota Chica: 4,5 cm\" \/>\n<meta property=\"og:url\" content=\"https:\/\/notquite.shop\/arg\/producto\/gancho-gota\/\" \/>\n<meta property=\"og:site_name\" content=\"NOTQUITE Argentina\" \/>\n<meta property=\"article:modified_time\" content=\"2026-01-28T16:58:30+00:00\" \/>\n<meta property=\"og:image\" content=\"https:\/\/notquite.shop\/arg\/wp-content\/uploads\/2025\/12\/notquite-viamonte-catalogo-felixniikado-high-35-scaled.jpg\" \/>\n\t<meta property=\"og:image:width\" content=\"2560\" \/>\n\t<meta property=\"og:image:height\" content=\"2560\" \/>\n\t<meta property=\"og:image:type\" content=\"image\/jpeg\" \/>\n<meta name=\"twitter:card\" content=\"summary_large_image\" \/>\n<meta name=\"twitter:label1\" content=\"Tiempo de lectura\" \/>\n\t<meta name=\"twitter:data1\" content=\"1 minuto\" \/>\n<script type=\"application\/ld+json\" class=\"yoast-schema-graph\">{\"@context\":\"https:\/\/schema.org\",\"@graph\":[{\"@type\":\"WebPage\",\"@id\":\"https:\/\/notquite.shop\/arg\/producto\/gancho-gota\/\",\"url\":\"https:\/\/notquite.shop\/arg\/producto\/gancho-gota\/\",\"name\":\"GANCHO GOTA - NOTQUITE Argentina\",\"isPartOf\":{\"@id\":\"https:\/\/notquite.shop\/arg\/#website\"},\"primaryImageOfPage\":{\"@id\":\"https:\/\/notquite.shop\/arg\/producto\/gancho-gota\/#primaryimage\"},\"image\":{\"@id\":\"https:\/\/notquite.shop\/arg\/producto\/gancho-gota\/#primaryimage\"},\"thumbnailUrl\":\"https:\/\/notquite.shop\/arg\/wp-content\/uploads\/2025\/12\/notquite-viamonte-catalogo-felixniikado-high-35-scaled.jpg\",\"datePublished\":\"2025-12-12T15:02:48+00:00\",\"dateModified\":\"2026-01-28T16:58:30+00:00\",\"breadcrumb\":{\"@id\":\"https:\/\/notquite.shop\/arg\/producto\/gancho-gota\/#breadcrumb\"},\"inLanguage\":\"es\",\"potentialAction\":[{\"@type\":\"ReadAction\",\"target\":[\"https:\/\/notquite.shop\/arg\/producto\/gancho-gota\/\"]}]},{\"@type\":\"ImageObject\",\"inLanguage\":\"es\",\"@id\":\"https:\/\/notquite.shop\/arg\/producto\/gancho-gota\/#primaryimage\",\"url\":\"https:\/\/notquite.shop\/arg\/wp-content\/uploads\/2025\/12\/notquite-viamonte-catalogo-felixniikado-high-35-scaled.jpg\",\"contentUrl\":\"https:\/\/notquite.shop\/arg\/wp-content\/uploads\/2025\/12\/notquite-viamonte-catalogo-felixniikado-high-35-scaled.jpg\",\"width\":2560,\"height\":2560},{\"@type\":\"BreadcrumbList\",\"@id\":\"https:\/\/notquite.shop\/arg\/producto\/gancho-gota\/#breadcrumb\",\"itemListElement\":[{\"@type\":\"ListItem\",\"position\":1,\"name\":\"Home\",\"item\":\"https:\/\/notquite.shop\/arg\/\"},{\"@type\":\"ListItem\",\"position\":2,\"name\":\"Tienda\",\"item\":\"https:\/\/notquite.shop\/arg\/tienda\/\"},{\"@type\":\"ListItem\",\"position\":3,\"name\":\"Ganchos\",\"item\":\"https:\/\/notquite.shop\/arg\/categoria-producto\/ganchos\/\"},{\"@type\":\"ListItem\",\"position\":4,\"name\":\"GANCHO GOTA\"}]},{\"@type\":\"WebSite\",\"@id\":\"https:\/\/notquite.shop\/arg\/#website\",\"url\":\"https:\/\/notquite.shop\/arg\/\",\"name\":\"NOTQUITE Argentina\",\"description\":\"\",\"potentialAction\":[{\"@type\":\"SearchAction\",\"target\":{\"@type\":\"EntryPoint\",\"urlTemplate\":\"https:\/\/notquite.shop\/arg\/?s={search_term_string}\"},\"query-input\":{\"@type\":\"PropertyValueSpecification\",\"valueRequired\":true,\"valueName\":\"search_term_string\"}}],\"inLanguage\":\"es\"}]}<\/script>\n<!-- \/ Yoast SEO plugin. -->","yoast_head_json":{"title":"GANCHO GOTA - NOTQUITE Argentina","robots":{"index":"index","follow":"follow","max-snippet":"max-snippet:-1","max-image-preview":"max-image-preview:large","max-video-preview":"max-video-preview:-1"},"canonical":"https:\/\/notquite.shop\/arg\/producto\/gancho-gota\/","og_locale":"es_ES","og_type":"article","og_title":"GANCHO GOTA - NOTQUITE Argentina","og_description":"Este gancho est\u00e1 elaborado a mano, modelado en cera y fundido en Plata 925. Su forma alargada y pulida sigue la silueta de una gota extendida, creando una pieza ligera y minimalista.  Cada gancho presenta peque\u00f1as variaciones propias del proceso artesanal, por lo que cada uno es \u00fanico.  Inspirado en c\u00f3mo una gota es lo m\u00e1s peque\u00f1o que puede contener una emoci\u00f3n.  Largo Gota Grande: 6,5 cm Largo Gota Chica: 4,5 cm","og_url":"https:\/\/notquite.shop\/arg\/producto\/gancho-gota\/","og_site_name":"NOTQUITE Argentina","article_modified_time":"2026-01-28T16:58:30+00:00","og_image":[{"width":2560,"height":2560,"url":"https:\/\/notquite.shop\/arg\/wp-content\/uploads\/2025\/12\/notquite-viamonte-catalogo-felixniikado-high-35-scaled.jpg","type":"image\/jpeg"}],"twitter_card":"summary_large_image","twitter_misc":{"Tiempo de lectura":"1 minuto"},"schema":{"@context":"https:\/\/schema.org","@graph":[{"@type":"WebPage","@id":"https:\/\/notquite.shop\/arg\/producto\/gancho-gota\/","url":"https:\/\/notquite.shop\/arg\/producto\/gancho-gota\/","name":"GANCHO GOTA - NOTQUITE Argentina","isPartOf":{"@id":"https:\/\/notquite.shop\/arg\/#website"},"primaryImageOfPage":{"@id":"https:\/\/notquite.shop\/arg\/producto\/gancho-gota\/#primaryimage"},"image":{"@id":"https:\/\/notquite.shop\/arg\/producto\/gancho-gota\/#primaryimage"},"thumbnailUrl":"https:\/\/notquite.shop\/arg\/wp-content\/uploads\/2025\/12\/notquite-viamonte-catalogo-felixniikado-high-35-scaled.jpg","datePublished":"2025-12-12T15:02:48+00:00","dateModified":"2026-01-28T16:58:30+00:00","breadcrumb":{"@id":"https:\/\/notquite.shop\/arg\/producto\/gancho-gota\/#breadcrumb"},"inLanguage":"es","potentialAction":[{"@type":"ReadAction","target":["https:\/\/notquite.shop\/arg\/producto\/gancho-gota\/"]}]},{"@type":"ImageObject","inLanguage":"es","@id":"https:\/\/notquite.shop\/arg\/producto\/gancho-gota\/#primaryimage","url":"https:\/\/notquite.shop\/arg\/wp-content\/uploads\/2025\/12\/notquite-viamonte-catalogo-felixniikado-high-35-scaled.jpg","contentUrl":"https:\/\/notquite.shop\/arg\/wp-content\/uploads\/2025\/12\/notquite-viamonte-catalogo-felixniikado-high-35-scaled.jpg","width":2560,"height":2560},{"@type":"BreadcrumbList","@id":"https:\/\/notquite.shop\/arg\/producto\/gancho-gota\/#breadcrumb","itemListElement":[{"@type":"ListItem","position":1,"name":"Home","item":"https:\/\/notquite.shop\/arg\/"},{"@type":"ListItem","position":2,"name":"Tienda","item":"https:\/\/notquite.shop\/arg\/tienda\/"},{"@type":"ListItem","position":3,"name":"Ganchos","item":"https:\/\/notquite.shop\/arg\/categoria-producto\/ganchos\/"},{"@type":"ListItem","position":4,"name":"GANCHO GOTA"}]},{"@type":"WebSite","@id":"https:\/\/notquite.shop\/arg\/#website","url":"https:\/\/notquite.shop\/arg\/","name":"NOTQUITE Argentina","description":"","potentialAction":[{"@type":"SearchAction","target":{"@type":"EntryPoint","urlTemplate":"https:\/\/notquite.shop\/arg\/?s={search_term_string}"},"query-input":{"@type":"PropertyValueSpecification","valueRequired":true,"valueName":"search_term_string"}}],"inLanguage":"es"}]}},"jetpack_sharing_enabled":true,"_links":{"self":[{"href":"https:\/\/notquite.shop\/arg\/wp-json\/wp\/v2\/product\/2620","targetHints":{"allow":["GET"]}}],"collection":[{"href":"https:\/\/notquite.shop\/arg\/wp-json\/wp\/v2\/product"}],"about":[{"href":"https:\/\/notquite.shop\/arg\/wp-json\/wp\/v2\/types\/product"}],"wp:featuredmedia":[{"embeddable":true,"href":"https:\/\/notquite.shop\/arg\/wp-json\/wp\/v2\/media\/2687"}],"wp:attachment":[{"href":"https:\/\/notquite.shop\/arg\/wp-json\/wp\/v2\/media?parent=2620"}],"wp:term":[{"taxonomy":"product_brand","embeddable":true,"href":"https:\/\/notquite.shop\/arg\/wp-json\/wp\/v2\/product_brand?post=2620"},{"taxonomy":"product_cat","embeddable":true,"href":"https:\/\/notquite.shop\/arg\/wp-json\/wp\/v2\/product_cat?post=2620"},{"taxonomy":"product_tag","embeddable":true,"href":"https:\/\/notquite.shop\/arg\/wp-json\/wp\/v2\/product_tag?post=2620"}],"curies":[{"name":"wp","href":"https:\/\/api.w.org\/{rel}","templated":true}]}}